36?
7
What is the tens digit of 316015?
1
What is the millions digit of 1254888?
1
What is the units digit of 2232614?
4
What is the thousands digit of 2786832?
6
What is the units digit of 67530?
0
What is the tens digit of 3752204?
0
What is the hundred thousands digit of 1776635?
7
What is the units digit of 821657?
7
What is the thousands digit of 943514?
3
What is the millions digit of 1578077?
1
What is the thousands digit of 2765881?
5
What is the hundreds digit of 61604?
6
What is the hundreds digit of 55527?
5
What is the thousands digit of 33273870?
3
What is the tens digit of 3607087?
8
What is the thousands digit of 379731?
9
What is the hundreds digit of 2531323?
3
What is the millions digit of 2203323?
2
What is the hundred thousands digit of 286271?
2
What is the ten thousands digit of 20366368?
6
What is the hundreds digit of 4052205?
2
What is the tens digit of 795322?
2
What is the thousands digit of 302325?
2
What is the units digit of 32957685?
5
What is the tens digit of 200184?
8
What is the hundreds digit of 5199711?
7
What is the tens digit of 36084?
8
What is the ten thousands digit of 12344029?
4
What is the units digit of 33733?
3
What is the units digit of 110994?
4
What is the units digit of 728390?
0
What is the ten thousands digit of 400078?
0
What is the tens digit of 633792?
9
What is the thousands digit of 1933594?
3
What is the thousands digit of 1710468?
0
What is the ten thousands digit of 355736?
5
What is the millions digit of 1378695?
1
What is the units digit of 6493600?
0
What is the hundreds digit of 658224?
2
What is the ten thousands digit of 8689359?
8
What is the hundreds digit of 516372?
3
What is the hundred thousands digit of 1260525?
2
What is the hundreds digit of 555465?
4
What is the ten thousands digit of 146194?
4
What is the hundreds digit of 57243?
2
What is the units digit of 5947397?
7
What is the units digit of 17698031?
1
What is the hundreds digit of 2304?
3
What is the thousands digit of 301943?
1
What is the units digit of 430780?
0
What is the hundreds digit of 243198?
1
What is the tens digit of 290427?
2
What is the tens digit of 370442?
4
What is the tens digit of 29934377?
7
What is the millions digit of 1576630?
1
What is the thousands digit of 259828?
9
What is the units digit of 222066?
6
What is the hundreds digit of 61255?
2
What is the hundred thousands digit of 11366642?
3
What is the tens digit of 3541423?
2
What is the tens digit of 95371?
7
What is the ten thousands digit of 48247?
4
What is the hundreds digit of 2056990?
9
What is the thousands digit of 36410?
6
What is the millions digit of 8043118?
8
What is the ten thousands digit of 1181255?
8
What is the hundreds digit of 817897?
8
What is the hundred thousands digit of 23250608?
2
What is the units digit of 15359025?
5
What is the ten thousands digit of 4957198?
5
What is the units digit of 164682?
2
What is the thousands digit of 191150?
1
What is the thousands digit of 6827463?
7
What is the units digit of 8636?
6
What is the units digit of 325012?
2
What is the tens digit of 1247372?
7
What is the ten millions digit of 35281988?
3
What is the tens digit of 8875?
7
What is the hundreds digit of 1211864?
8
What is the ten thousands digit of 5829726?
2
What is the hundred thousands digit of 22534950?
5
What is the thousands digit of 29266?
9
What is the hundreds digit of 389685?
6
What is the hundred thousands digit of 318038?
3
What is the hundred thousands digit of 866040?
8
What is the hundred thousands digit of 455455?
4
What is the hundreds digit of 12316330?
3
What is the units digit of 141245?
5
What is the hundreds digit of 771159?
1
What is the ten thousands digit of 2439348?
3
What is the hundreds digit of 1905917?
9
What is the ten thousands digit of 292950?
9
What is the hundreds digit of 1010081?
0
What is the ten thousands digit of 436150?
3
What is the units digit of 15481756?
6
What is the hundreds digit of 1613487?
4
What is the thousands digit of 73960?
3
What is the hundred thousands digit of 646083?
6
What is the tens digit of 2079269?
6
What is the hundred thousands digit of 210014?
2
What is the units digit of 130146?
6
What is the units digit of 25549614?
4
What is the thousands digit of 2343834?
3
What is the ten thousands digit of 6751316?
5
What is the tens digit of 614454?
5
What is the hundreds digit of 9148274?
2
What is the millions digit of 6291150?
6
What is the thousands digit of 7195643?
5
What is the units digit of 7668554?
4
What is the ten thousands digit of 637088?
3
What is the tens digit of 1242449?
4
What is the hundred thousands digit of 544002?
5
What is the hundreds digit of 2526090?
0
What is the thousands digit of 5318240?
8
What is the tens digit of 16109156?
5
What is the units digit of 324184?
4
What is the hundreds digit of 5549377?
3
What is the ten thousands digit of 204548?
0
What is the ten thousands digit of 2153834?
5
What is the units digit of 13551684?
4
What is the hundreds digit of 6017374?
3
What is the thousands digit of 224507?
4
What is the tens digit of 547329?
2
What is the hundreds digit of 168062?
0
What is the tens digit of 275683?
8
What is the thousands digit of 763270?
3
What is the thousands digit of 67324?
7
What is the ten thousands digit of 8778300?
7
What is the ten thousands digit of 30992404?
9
What is the tens digit of 21838652?
5
What is the millions digit of 3291773?
3
What is the tens digit of 236456?
5
What is the thousands digit of 1537873?
7
What is the hundred thousands digit of 1334663?
3
What is the thousands digit of 17945975?
5
What is the hundred thousands digit of 274124?
2
What is the hundreds digit of 7864971?
9
What is the ten thousands digit of 78107?
7
What is the hundred thousands digit of 788208?
7
What is the millions digit of 2510713?
2
What is the hundred thousands digit of 2261197?
2
What is the thousands digit of 1884975?
4
What is the hundred thousands digit of 4097210?
0
What is the millions digit of 21934473?
1
What is the hundred thousands digit of 5604932?
6
What is the units digit of 641907?
7
What is the hundreds digit of 221565?
5
What is the units digit of 1119536?
6
What is the hundreds digit of 1776?
7
What is the thousands digit of 2710151?
0
What is the ten thousands digit of 2779994?
7
What is the ten thousands digit of 91964?
9
What is the ten thousands digit of 1942581?
4
What is the ten thousands digit of 1816501?
1
What is the ten thousands digit of 23035293?
3
What is the ten millions digit of 12712173?
1
What is the tens digit of 714592?
9
What is the hundreds digit of 306473?
4
What is the hundred thousands digit of 410862?
4
What is the thousands digit of 379181?
9
What is the hundred thousands digit of 4037173?
0
What is the units digit of 258695?
5
What is the units digit of 199966?
6
What is the millions digit of 3003140?
3
What is the tens digit of 489367?
6
What is the hundred thousands digit of 7947852?
9
What is the ten thousands digit of 1066586?
6
What is the thousands digit of 6367686?
7
What is the thousands digit of 1941645?
1
What is the hundred thousands digit of 652167?
6
What is the tens digit of 339065?
6
What is the tens digit of 266224?
2
What is the hundred thousands digit of 6720515?
7
What is the hundred thousands digit of 176894?
1
What is the ten thousands digit of 931724?
3
What is the thousands digit of 550641?
0
What is the ten thousands digit of 107522?
0
What is the ten thousands digit of 12211824?
1
What is the ten thousands digit of 1483691?
8
What is the hundreds digit of 942537?
5
What is the tens digit of 187009?
0
What is the thousands digit of 2248937?
8
What is the hundreds digit of 3560918?
9
What is the units digit of 5503639?
9
What is the tens digit of 91664?
6
What is the ten millions digit of 17695770?
1
What is the units digit of 613003?
3
What is the ten thousands digit of 3378276?
7
What is the millions digit of 1578364?
1
What is the tens digit of 3149768?
6
What is the hundreds digit of 1368079?
0
What is the tens digit of 2816285?
8
What is the ten thousands digit of 7441690?
4
What is the thousands digit of 77069?
7
What is the tens digit of 588031?
3
What is the tens digit of 290376?
7
What is the tens digit of 8300998?
9
What i